{"id":121,"date":"2022-10-24T00:25:57","date_gmt":"2022-10-23T22:25:57","guid":{"rendered":"http:\/\/puericantores.pl\/?page_id=121"},"modified":"2024-06-04T17:39:42","modified_gmt":"2024-06-04T15:39:42","slug":"chor-chlopiecy-narodowego-forum-muzyki-we-wroclawiu","status":"publish","type":"page","link":"http:\/\/puericantores.pl\/?page_id=121","title":{"rendered":"Ch\u00f3r Ch\u0142opi\u0119cy Narodowego Forum Muzyki we Wroc\u0142awiu"},"content":{"rendered":"\n<p>Zesp\u00f3\u0142 zosta\u0142 za\u0142o\u017cony w 2009 roku przez Andrzeja Kosendiaka, dyrektora Narodowego Forum Muzyki im. Witolda Lutos\u0142awskiego we Wroc\u0142awiu, i od pocz\u0105tku dzia\u0142alno\u015bci pracuje pod kierunkiem Ma\u0142gorzaty Podzielny. Od 2023 roku funkcj\u0119 asystenta dyrektorki artystycznej zespo\u0142u sprawuje Miko\u0142aj Szcz\u0119sny.<\/p>\n\n\n\n<p>Ch\u00f3r Ch\u0142opi\u0119cy NFM aktywnie uczestniczy w \u017cyciu artystycznym, koncertuj\u0105c z najlepszymi zespo\u0142ami oraz dyrygentami, takimi jak: John Eliot Gardiner, Giovanni Antonini, Zubin Mehta, Giancarlo Guerrero, Jacek Kaspszyk. Jest zapraszany na wiele wydarze\u0144 artystycznych odbywaj\u0105cych si\u0119 na przyk\u0142ad w ramach Mi\u0119dzynarodowego Festiwalu Wratislavia Cantans im. Andrzeja Markowskiego czy Leo Festiwalu, jak r\u00f3wnie\u017c do projekt\u00f3w produkcji filmowych (Agnieszki Holland czy Micha\u0142a Kwieci\u0144skiego), telewizyjnych i teatralnych. Wyst\u0119powa\u0142 r\u00f3wnie\u017c w Niemczech, Austrii, Czechach, S\u0142owacji i Japonii.<\/p>\n\n\n\n<p>W dyskografii zespo\u0142u znajduj\u0105 si\u0119 wydane przez NFM albumy: Salzburska Msza Maryjna (2015) z muzyk\u0105 Mozarta, Witold Lutos\u0142awski. Opera omnia 07 (2018) z piosenkami dla dzieci, dzie\u0142a Marcina J\u00f3zefa \u017bebrowskiego pod batut\u0105 Andrzeja Kosendiaka (2018), p\u0142yta This Day (2019) z muzyk\u0105 Boba Chilcotta dla dzieci , album \u015awiat\u0142o zimowej nocy (2022) zawieraj\u0105cy aran\u017cacje kol\u0119d i pastora\u0142ek Micha\u0142a Zi\u00f3\u0142kowskiego z udzia\u0142em Ch\u00f3ru NFM i NFM Orkiestry Leopoldinum pod dyrekcj\u0105 Ma\u0142gorzaty Podzielny, a tak\u017ce najnowsze dzie\u0142o \u2013 Filharmonia Pana Kleksa (2023) \u2013 z aran\u017cacjami utwor\u00f3w z film\u00f3w o Panu Kleksie.<\/p>\n\n\n\n<p>M\u0142odzi \u015bpiewacy poza zaj\u0119ciami wpisanymi w sta\u0142y grafik pracy ch\u00f3ru uczestnicz\u0105 tak\u017ce w odbywaj\u0105cych si\u0119 kilka razy w roku sesjach warsztatowych prowadzonych przez polskich i zagranicznych ekspert\u00f3w. Ch\u00f3r zdoby\u0142 dwa Z\u0142ote Dyplomy podczas 55. Mi\u0119dzynarodowego Festiwalu Pie\u015bni Ch\u00f3ralnej w Mi\u0119dzyzdrojach (2020) oraz Gold Prize The 11th World Peace Choral Festival Online Events w Wiedniu (2021). Zesp\u00f3\u0142 otrzyma\u0142 r\u00f3wnie\u017c Z\u0142oty Dyplom i Nagrod\u0119 Specjaln\u0105 za najwy\u017csz\u0105 punktacj\u0119 w kategorii ch\u00f3r\u00f3w dzieci\u0119cych i m\u0142odzie\u017cowych w Og\u00f3lnopolskim Konkursie Ch\u00f3ralnym, odbywaj\u0105cym si\u0119 w ramach Og\u00f3lnopolskiego Forum Ch\u00f3ralistyki \u201eWroc\u0142aw Miastem Muzyki\u201d (2021), Z\u0142oty Dyplom w edycji online Og\u00f3lnopolskiego Konkursu Muzyki Sakralnej \u201eDona Nobis Pacem\u201d Polskiego Stowarzyszenia Animator\u00f3w Kultury \u201eKulturalny Koneser\u201d we Wroc\u0142awiu (2022) oraz I miejsce podczas konkursu Ohrid Choir Festival w Macedonii (2022).<\/p>\n\n\n\n<p>Autora zdj\u0119cia &#8211; \u0141ukasz Rajchert.<\/p>\n\n\n\n<blockquote class=\"wp-block-quote is-layout-flow wp-block-quote-is-layout-flow\">\n<p>MIASTO: Wroc\u0142aw<\/p>\n\n\n\n<p>DYRYGENT: Ma\u0142gorzata Podzielny<\/p>\n\n\n\n<p>STRONA WWW:<a href=\"http:\/\/www.nfm.wroclaw.pl\/zespoly\/chor-chlopiecy-nfm\" target=\"_blank\" rel=\"noreferrer noopener\">http:\/\/www.nfm.wroclaw.pl\/zespoly\/chor-chlopiecy-nfm<\/a><\/p>\n\n\n\n<p>EMAIL: <a href=\"mailto:Barbara.Olech@nfm.wroclaw.pl\">Barbara.Olech@nfm.wroclaw.pl<\/a><\/p>\n\n\n\n<p><\/p>\n<\/blockquote>\n","protected":false},"excerpt":{"rendered":"<p>Zesp\u00f3\u0142 zosta\u0142 za\u0142o\u017cony w 2009 roku przez Andrzeja Kosendiaka, dyrektora Narodowego Forum Muzyki im. Witolda Lutos\u0142awskiego we Wroc\u0142awiu, i od pocz\u0105tku dzia\u0142alno\u015bci pracuje pod kierunkiem Ma\u0142gorzaty Podzielny. Od &hellip;<\/p>\n","protected":false},"author":1,"featured_media":0,"parent":0,"menu_order":0,"comment_status":"closed","ping_status":"closed","template":"","meta":{"footnotes":""},"class_list":["post-121","page","type-page","status-publish","hentry"],"yoast_head":"<!-- This site is optimized with the Yoast SEO plugin v25.5 - https:\/\/yoast.com\/wordpress\/plugins\/seo\/ -->\n<title>Ch\u00f3r Ch\u0142opi\u0119cy Narodowego Forum Muzyki we Wroc\u0142awiu - Polska Federacja Pueri Cantores<\/title>\n<meta name=\"robots\" content=\"index, follow, max-snippet:-1, max-image-preview:large, max-video-preview:-1\" \/>\n<link rel=\"canonical\" href=\"https:\/\/puericantores.pl\/?page_id=121\" \/>\n<meta property=\"og:locale\" content=\"pl_PL\" \/>\n<meta property=\"og:type\" content=\"article\" \/>\n<meta property=\"og:title\" content=\"Ch\u00f3r Ch\u0142opi\u0119cy Narodowego Forum Muzyki we Wroc\u0142awiu - Polska Federacja Pueri Cantores\" \/>\n<meta property=\"og:description\" content=\"Zesp\u00f3\u0142 zosta\u0142 za\u0142o\u017cony w 2009 roku przez Andrzeja Kosendiaka, dyrektora Narodowego Forum Muzyki im. Witolda Lutos\u0142awskiego we Wroc\u0142awiu, i od pocz\u0105tku dzia\u0142alno\u015bci pracuje pod kierunkiem Ma\u0142gorzaty Podzielny. Od &hellip;\" \/>\n<meta property=\"og:url\" content=\"https:\/\/puericantores.pl\/?page_id=121\" \/>\n<meta property=\"og:site_name\" content=\"Polska Federacja Pueri Cantores\" \/>\n<meta property=\"article:modified_time\" content=\"2024-06-04T15:39:42+00:00\" \/>\n<meta name=\"twitter:card\" content=\"summary_large_image\" \/>\n<meta name=\"twitter:label1\" content=\"Szacowany czas czytania\" \/>\n\t<meta name=\"twitter:data1\" content=\"1 minuta\" \/>\n<script type=\"application\/ld+json\" class=\"yoast-schema-graph\">{\"@context\":\"https:\/\/schema.org\",\"@graph\":[{\"@type\":\"WebPage\",\"@id\":\"https:\/\/puericantores.pl\/?page_id=121\",\"url\":\"https:\/\/puericantores.pl\/?page_id=121\",\"name\":\"Ch\u00f3r Ch\u0142opi\u0119cy Narodowego Forum Muzyki we Wroc\u0142awiu - Polska Federacja Pueri Cantores\",\"isPartOf\":{\"@id\":\"http:\/\/puericantores.pl\/#website\"},\"datePublished\":\"2022-10-23T22:25:57+00:00\",\"dateModified\":\"2024-06-04T15:39:42+00:00\",\"breadcrumb\":{\"@id\":\"https:\/\/puericantores.pl\/?page_id=121#breadcrumb\"},\"inLanguage\":\"pl-PL\",\"potentialAction\":[{\"@type\":\"ReadAction\",\"target\":[\"https:\/\/puericantores.pl\/?page_id=121\"]}]},{\"@type\":\"BreadcrumbList\",\"@id\":\"https:\/\/puericantores.pl\/?page_id=121#breadcrumb\",\"itemListElement\":[{\"@type\":\"ListItem\",\"position\":1,\"name\":\"Home\",\"item\":\"http:\/\/puericantores.pl\/\"},{\"@type\":\"ListItem\",\"position\":2,\"name\":\"Ch\u00f3r Ch\u0142opi\u0119cy Narodowego Forum Muzyki we Wroc\u0142awiu\"}]},{\"@type\":\"WebSite\",\"@id\":\"http:\/\/puericantores.pl\/#website\",\"url\":\"http:\/\/puericantores.pl\/\",\"name\":\"Polska Federacja Pueri Cantores\",\"description\":\"\",\"publisher\":{\"@id\":\"http:\/\/puericantores.pl\/#organization\"},\"potentialAction\":[{\"@type\":\"SearchAction\",\"target\":{\"@type\":\"EntryPoint\",\"urlTemplate\":\"http:\/\/puericantores.pl\/?s={search_term_string}\"},\"query-input\":{\"@type\":\"PropertyValueSpecification\",\"valueRequired\":true,\"valueName\":\"search_term_string\"}}],\"inLanguage\":\"pl-PL\"},{\"@type\":\"Organization\",\"@id\":\"http:\/\/puericantores.pl\/#organization\",\"name\":\"Polska Federacja Pueri Cantores\",\"url\":\"http:\/\/puericantores.pl\/\",\"logo\":{\"@type\":\"ImageObject\",\"inLanguage\":\"pl-PL\",\"@id\":\"http:\/\/puericantores.pl\/#\/schema\/logo\/image\/\",\"url\":\"http:\/\/puericantores.pl\/wp-content\/uploads\/2022\/10\/cropped-cropped-pueri.png\",\"contentUrl\":\"http:\/\/puericantores.pl\/wp-content\/uploads\/2022\/10\/cropped-cropped-pueri.png\",\"width\":512,\"height\":512,\"caption\":\"Polska Federacja Pueri Cantores\"},\"image\":{\"@id\":\"http:\/\/puericantores.pl\/#\/schema\/logo\/image\/\"}}]}<\/script>\n<!-- \/ Yoast SEO plugin. -->","yoast_head_json":{"title":"Ch\u00f3r Ch\u0142opi\u0119cy Narodowego Forum Muzyki we Wroc\u0142awiu - Polska Federacja Pueri Cantores","robots":{"index":"index","follow":"follow","max-snippet":"max-snippet:-1","max-image-preview":"max-image-preview:large","max-video-preview":"max-video-preview:-1"},"canonical":"https:\/\/puericantores.pl\/?page_id=121","og_locale":"pl_PL","og_type":"article","og_title":"Ch\u00f3r Ch\u0142opi\u0119cy Narodowego Forum Muzyki we Wroc\u0142awiu - Polska Federacja Pueri Cantores","og_description":"Zesp\u00f3\u0142 zosta\u0142 za\u0142o\u017cony w 2009 roku przez Andrzeja Kosendiaka, dyrektora Narodowego Forum Muzyki im. Witolda Lutos\u0142awskiego we Wroc\u0142awiu, i od pocz\u0105tku dzia\u0142alno\u015bci pracuje pod kierunkiem Ma\u0142gorzaty Podzielny. Od &hellip;","og_url":"https:\/\/puericantores.pl\/?page_id=121","og_site_name":"Polska Federacja Pueri Cantores","article_modified_time":"2024-06-04T15:39:42+00:00","twitter_card":"summary_large_image","twitter_misc":{"Szacowany czas czytania":"1 minuta"},"schema":{"@context":"https:\/\/schema.org","@graph":[{"@type":"WebPage","@id":"https:\/\/puericantores.pl\/?page_id=121","url":"https:\/\/puericantores.pl\/?page_id=121","name":"Ch\u00f3r Ch\u0142opi\u0119cy Narodowego Forum Muzyki we Wroc\u0142awiu - Polska Federacja Pueri Cantores","isPartOf":{"@id":"http:\/\/puericantores.pl\/#website"},"datePublished":"2022-10-23T22:25:57+00:00","dateModified":"2024-06-04T15:39:42+00:00","breadcrumb":{"@id":"https:\/\/puericantores.pl\/?page_id=121#breadcrumb"},"inLanguage":"pl-PL","potentialAction":[{"@type":"ReadAction","target":["https:\/\/puericantores.pl\/?page_id=121"]}]},{"@type":"BreadcrumbList","@id":"https:\/\/puericantores.pl\/?page_id=121#breadcrumb","itemListElement":[{"@type":"ListItem","position":1,"name":"Home","item":"http:\/\/puericantores.pl\/"},{"@type":"ListItem","position":2,"name":"Ch\u00f3r Ch\u0142opi\u0119cy Narodowego Forum Muzyki we Wroc\u0142awiu"}]},{"@type":"WebSite","@id":"http:\/\/puericantores.pl\/#website","url":"http:\/\/puericantores.pl\/","name":"Polska Federacja Pueri Cantores","description":"","publisher":{"@id":"http:\/\/puericantores.pl\/#organization"},"potentialAction":[{"@type":"SearchAction","target":{"@type":"EntryPoint","urlTemplate":"http:\/\/puericantores.pl\/?s={search_term_string}"},"query-input":{"@type":"PropertyValueSpecification","valueRequired":true,"valueName":"search_term_string"}}],"inLanguage":"pl-PL"},{"@type":"Organization","@id":"http:\/\/puericantores.pl\/#organization","name":"Polska Federacja Pueri Cantores","url":"http:\/\/puericantores.pl\/","logo":{"@type":"ImageObject","inLanguage":"pl-PL","@id":"http:\/\/puericantores.pl\/#\/schema\/logo\/image\/","url":"http:\/\/puericantores.pl\/wp-content\/uploads\/2022\/10\/cropped-cropped-pueri.png","contentUrl":"http:\/\/puericantores.pl\/wp-content\/uploads\/2022\/10\/cropped-cropped-pueri.png","width":512,"height":512,"caption":"Polska Federacja Pueri Cantores"},"image":{"@id":"http:\/\/puericantores.pl\/#\/schema\/logo\/image\/"}}]}},"_links":{"self":[{"href":"http:\/\/puericantores.pl\/index.php?rest_route=\/wp\/v2\/pages\/121","targetHints":{"allow":["GET"]}}],"collection":[{"href":"http:\/\/puericantores.pl\/index.php?rest_route=\/wp\/v2\/pages"}],"about":[{"href":"http:\/\/puericantores.pl\/index.php?rest_route=\/wp\/v2\/types\/page"}],"author":[{"embeddable":true,"href":"http:\/\/puericantores.pl\/index.php?rest_route=\/wp\/v2\/users\/1"}],"replies":[{"embeddable":true,"href":"http:\/\/puericantores.pl\/index.php?rest_route=%2Fwp%2Fv2%2Fcomments&post=121"}],"version-history":[{"count":2,"href":"http:\/\/puericantores.pl\/index.php?rest_route=\/wp\/v2\/pages\/121\/revisions"}],"predecessor-version":[{"id":259,"href":"http:\/\/puericantores.pl\/index.php?rest_route=\/wp\/v2\/pages\/121\/revisions\/259"}],"wp:attachment":[{"href":"http:\/\/puericantores.pl\/index.php?rest_route=%2Fwp%2Fv2%2Fmedia&parent=121"}],"curies":[{"name":"wp","href":"https:\/\/api.w.org\/{rel}","templated":true}]}}